remainder when 653312 is divided by 588?
44
Calculate the remainder when 852267 is divided by 60876.
3
Calculate the remainder when 3549699 is divided by 709933.
34
Calculate the remainder when 689979238 is divided by 6516.
6514
Calculate the remainder when 2064993 is divided by 27169.
149
Calculate the remainder when 192539 is divided by 1346.
61
Calculate the remainder when 5526157 is divided by 542.
467
What is the remainder when 2803186 is divided by 7?
1
Calculate the remainder when 63671178 is divided by 20.
18
What is the remainder when 1578484 is divided by 394464?
628
What is the remainder when 508859 is divided by 31798?
91
Calculate the remainder when 5932061 is divided by 1141.
2
Calculate the remainder when 8232510 is divided by 108.
102
What is the remainder when 926983 is divided by 154417?
481
What is the remainder when 986040 is divided by 1191?
1083
What is the remainder when 10483867 is divided by 991?
78
Calculate the remainder when 17827576 is divided by 1188504.
16
What is the remainder when 1686483 is divided by 9805?
23
Calculate the remainder when 397349 is divided by 15886.
199
Calculate the remainder when 18803208 is divided by 253.
248
Calculate the remainder when 366311 is divided by 174.
41
What is the remainder when 14026997 is divided by 2253?
2072
Calculate the remainder when 2285325 is divided by 58587.
432
Calculate the remainder when 20201 is divided by 2231.
122
What is the remainder when 791016 is divided by 790980?
36
What is the remainder when 152250 is divided by 9459?
906
What is the remainder when 713221 is divided by 1792?
5
What is the remainder when 15807647 is divided by 1317288?
191
Calculate the remainder when 3528480 is divided by 957.
21
What is the remainder when 1192439 is divided by 218?
197
What is the remainder when 126608 is divided by 176?
64
What is the remainder when 33455470 is divided by 6691086?
40
What is the remainder when 86713741 is divided by 7943?
10
What is the remainder when 18253971 is divided by 511?
29
What is the remainder when 3118981 is divided by 1436?
1425
What is the remainder when 183852643 is divided by 550457?
5
Calculate the remainder when 18772 is divided by 17264.
1508
Calculate the remainder when 232828488 is divided by 65.
48
What is the remainder when 2910464 is divided by 223759?
1597
What is the remainder when 17246 is divided by 799?
467
Calculate the remainder when 9830 is divided by 7019.
2811
What is the remainder when 11663 is divided by 4573?
2517
What is the remainder when 1588283 is divided by 3108?
95
What is the remainder when 166527 is divided by 1281?
1278
What is the remainder when 12146231 is divided by 316?
139
Calculate the remainder when 54623527 is divided by 520224.
7
Calculate the remainder when 656018 is divided by 10.
8
What is the remainder when 872174 is divided by 359?
163
Calculate the remainder when 3723159 is divided by 553.
363
What is the remainder when 2715371 is divided by 543061?
66
Calculate the remainder when 240878 is divided by 338.
222
What is the remainder when 2081359 is divided by 2859?
7
What is the remainder when 1939229 is divided by 250?
229
What is the remainder when 12283 is divided by 11600?
683
Calculate the remainder when 337606 is divided by 48214.
108
Calculate the remainder when 151339 is divided by 1867.
112
Calculate the remainder when 210565 is divided by 712.
525
Calculate the remainder when 597329 is divided by 597067.
262
What is the remainder when 10574561 is divided by 5287044?
473
Calculate the remainder when 37316885 is divided by 14162.
15
Calculate the remainder when 5642095 is divided by 806011.
18
What is the remainder when 7166157 is divided by 4304?
4301
What is the remainder when 8851300 is divided by 4189?
4132
Calculate the remainder when 24996091 is divided by 85.
56
What is the remainder when 8587055 is divided by 15814?
53
What is the remainder when 107657 is divided by 1968?
1385
What is the remainder when 788508 is divided by 82?
78
Calculate the remainder when 112962 is divided by 15385.
5267
Calculate the remainder when 778256 is divided by 59863.
37
Calculate the remainder when 10068798 is divided by 35.
33
What is the remainder when 43265 is divided by 42926?
339
Calculate the remainder when 4333992 is divided by 139.
111
Calculate the remainder when 1082788 is divided by 135348.
4
Calculate the remainder when 2078322 is divided by 158.
148
Calculate the remainder when 7011898 is divided by 2450.
2448
Calculate the remainder when 5837373 is divided by 26.
9
What is the remainder when 581564 is divided by 2216?
972
Calculate the remainder when 247113 is divided by 316.
1
What is the remainder when 1206403 is divided by 301595?
23
Calculate the remainder when 141454841 is divided by 492874.
3
What is the remainder when 27063 is divided by 864?
279
What is the remainder when 1962805 is divided by 654265?
10
Calculate the remainder when 579604 is divided by 579198.
406
Calculate the remainder when 7882965 is divided by 469.
13
What is the remainder when 25946589 is divided by 190?
189
Calculate the remainder when 1182721 is divided by 1182680.
41
Calculate the remainder when 1773498 is divided by 246.
84
Calculate the remainder when 6196865 is divided by 3098428.
9
What is the remainder when 1072259 is divided by 191?
176
What is the remainder when 1747793 is divided by 13?
8
What is the remainder when 19769975 is divided by 1107?
62
Calculate the remainder when 1756610 is divided by 878230.
150
What is the remainder when 761500 is divided by 189190?
4740
Calculate the remainder when 5146476 is divided by 115.
111
Calculate the remainder when 306598014 is divided by 7359.
7356
Calculate the remainder when 4702948 is divided by 872.
252
What is the remainder when 1245997 is divided by 311429?
281
Calculate the remainder when 4698194 is divided by 469773.
464
What is the remainder when 2030387 is divided by 597?
587
Calculate the remainder when 256849 is divided by 3141.
2428
What is the remainder when 73353 is divided by 10468?
77
What is the remainder when 3215044 is divided by 157?
155
What is the remainder when 48695713 is divided by 621?
619
Calculate the remainder when 33927207 is divided by 3479.
3478
Calculate the remainder when 614125 is divided by 2147.
83
Calculate the remainder when 1797416 is divided by 449292.
248
Calculate the remainder when 4309515 is divided by 412.
407
Calculate the remainder when 102764 is divided by 8563.
8
Calculate the remainder when 347327 is divided by 52.
19
Calculate the remainder when 26772663 is divided by 19137.
0
What is the remainder when 117561 is divided by 303?
300
Calculate the remainder when 345353 is divided by 1557.
1256
What is the remainder when 49040 is divided by 24201?
638
Calculate the remainder when 63736667 is divided by 11.
5
Calculate the remainder when 4358315 is divided by 94.
5
Calculate the remainder when 12679494 is divided by 34.
10
Calculate the remainder when 85292840 is divided by 156.
152
What is the remainder when 969076 is divided by 323022?
10
What is the remainder when 28277 is divided by 9406?
59
What is the remainder when 65003414 is divided by 27?
23
Calculate the remainder when 7452884 is divided by 225834.
362
What is the remainder when 35564142 is divided by 3233103?
9
Calculate the remainder when 128512 is divided by 288.
64
Calculate the remainder when 12279340 is divided by 12279325.
15
Calculate the remainder when 1059127 is divided by 6242.
4229
What is the remainder when 14826981 is divided by 1493?
1491
Calculate the remainder when 50992 is divided by 6022.
2816
Calculate the remainder when 14391701 is divided by 24.
5
What is the remainder when 3660162 is divided by 6060?
5982
What is the remainder when 135031179 is divided by 1011?
1008
What is the remainder when 5499841 is divided by 343739?
17
Calculate the remainder when 408783 is divided by 4171.
25
Calculate the remainder when 46571954 is divided by 87.
71
Calculate the remainder when 980413 is divided by 81699.
25
What is the remainder when 896126 is divided by 50?
26
What is the remainder when 1267663523 is divided by 1212?
1211
Calculate the remainder when 46290300 is divided by 13.
4
What is the remainder when 2421742 is div